t is the units digit of y?
8
Let o = -51 - -53. Let b be 2 - (-2 + o)/1. Suppose -166 = -b*t + 2*w, t + 4*w = -t + 154. What is the tens digit of t?
8
Let t(l) = 83*l**2 + 85*l - 58. What is the units digit of t(27)?
4
Suppose 29*m - 4294 = 5856. Suppose 1024 + m = 3*o. What is the units digit of o?
8
Let j be -3 + (2 - 1) + 3. Let a be ((-4)/10 + 0)/(j/5). What is the tens digit of (-445 + a)*2/(-6)?
4
Let f(g) = -18*g**3 - 31*g**2 - 287*g + 1. What is the hundreds digit of f(-7)?
6
Suppose 0 = -251*y + 246*y + 28300. What is the units digit of y?
0
Let f = 406 + -199. Let m = f + -179. What is the units digit of m?
8
Let h = -373 + 249. Let q = 137 + h. Suppose -d + 282 = q. What is the hundreds digit of d?
2
Let r(w) be the third derivative of w**6/24 - w**5/60 + 5*w**4/8 + w**3/2 + 13*w**2. What is the units digit of r(4)?
7
Let n(x) = -3*x**3 - 43*x**2 - 13*x + 13. Let a be n(-14). What is the units digit of ((-9639)/105)/((2 - a)/(-45))?
7
Suppose 6*h + n = 5*h + 103, 2*n - 8 = 0. Let a = h - 44. What is the tens digit of a?
5
Suppose y - 4*y = 2*y. Suppose -14*f + 7*f = y. Suppose 4*v = -v - 2*x + 1436, f = 5*v + 5*x - 1430. What is the tens digit of v?
8
Let x = 83 - 84. Let a(k) = -241*k - 5. What is the tens digit of a(x)?
3
Suppose -13822 = -22*i - 4384. Let a = i + -177. What is the units digit of a?
2
Let k = -16455 - -25296. What is the thousands digit of k?
8
Suppose 10*w - 10480 - 8310 = 0. What is the units digit of (-98)/(-441) + w/9?
9
Suppose -7*q - 3 = -8*q, -29978 = -4*f - 6*q. What is the tens digit of f?
9
Let s(h) = -h**3 - 7*h**2 - 6*h - 37. Let f be s(-7). Suppose -o = 4*i - 1235, f*o + 2*i - 6124 = -i. What is the hundreds digit of o?
2
Let w = 94 + -66. Let t = w - 20. What is the units digit of 9/36 + 342/t?
3
Suppose -5*u + 2774 + 264392 = 4*y, 3*u = 3*y + 160305. What is the hundreds digit of u?
4
Let j = 1 - -3. Let t be 0/(1 + (7 - j)). Suppose -3*h = -2*h + 2*g - 21, t = -2*h + 5*g + 42. What is the units digit of h?
1
Suppose 2*g - 1544 = -2*n, 6*n = 3*g + 3*n - 2316. Suppose -15*q + g + 1133 = 0. What is the units digit of q?
7
Let g(k) = 22*k**2 - 24*k + 9. Suppose -54*a + 57*a + 2*v + 14 = 0, -22 = 2*a - 5*v. What is the hundreds digit of g(a)?
9
Let h be 163 + (-9 - -5 - -7). Let n = h - 37. What is the tens digit of n?
2
Let y(g) = 23*g - 18. Let j(v) = -6*v**2 - 7*v - 8. Let p be j(-4). Let n = 79 + p. What is the units digit of y(n)?
1
What is the hundreds digit of 398/5*(-10530)/(-234)?
5
Let m(r) = -6*r + 4089. What is the tens digit of m(39)?
5
Let c(h) = -4*h - 63. Suppose -143 = 10*l + 27. Let s be c(l). Suppose 3*i = -3*f - 0*f + 825, -s*f + i + 1375 = 0. What is the hundreds digit of f?
2
Let y(r) = -r**2 - 9*r - 17. Let s be y(-6). Let t(n) be the third derivative of -n**4/12 + n**3/2 + 16*n**2. What is the units digit of t(s)?
1
Suppose 2*i + 5*f = 410 + 1313, 5*f - 4330 = -5*i. Suppose -3*l + 790 = -i. What is the units digit of l?
3
Let f be (-11*49 - 3) + 2 - -5. Let m = f - -553. What is the units digit of m?
8
Let g(r) = -2*r**2 - 46*r - 22. Let k be g(-23). Let y(o) = -14*o + 213. What is the tens digit of y(k)?
2
Let m(h) = 3*h**2 + 27*h + 12. Let w be m(-10). What is the tens digit of 408 - (-7)/(w/(-24))?
0
Let d(s) be the third derivative of 0*s + 7/3*s**3 + 0 + 3*s**2 + 1/24*s**4. What is the units digit of d(-7)?
7
Let j = 677 + -523. Suppose -j = 6*q - 1930. What is the units digit of q?
6
Suppose -3*u = -i - 190, 0 = -2*u - u + 3*i + 186. Suppose -5292 = -2*s - 5122. Suppose -u = -p + s. What is the units digit of p?
9
Let d(o) = -4*o - 15. Suppose 27 - 11 = -4*g. Let z be d(g). What is the tens digit of ((-1 - -4) + 2)/(z/12)?
6
Let a = -527 - -907. Suppose -q + 0*q - 88 = h, 4*q - 3*h + a = 0. What is the units digit of q/(-28) + -3 - 584/(-14)?
2
Suppose 0 = -21*o + 2398 + 395. Suppose -o*p = -117*p - 12976. What is the tens digit of p?
1
Let z(n) = -21*n + 64. Let q(b) = 7*b - 32. Let m(c) = 7*q(c) + 3*z(c). Let s be -1 + 2 - (6 + 0). What is the units digit of m(s)?
8
Suppose 144*w - 2*t = 141*w + 71151, -3*w - 3*t + 71181 = 0. What is the hundreds digit of w?
7
Let b(s) = -s**3 + 12*s**2 + s - 3. Let a be b(12). What is the hundreds digit of 2/(12/a)*(0 - -204)?
3
What is the hundreds digit of (7 + -13)*1 - (-18719)/1?
7
What is the thousands digit of 25*(-20378)/(-115) - 5*-1?
4
Suppose -2*i = -z - 7, 4*z = 5*i + 5*z. Let b(h) = -h - 1. Let o(c) = -74*c + 5. Let v(p) = -b(p) - o(p). What is the units digit of v(i)?
1
Suppose b - 1060 = -2*k + 26136, 67999 = 5*k - 2*b. What is the ten thousands digit of k?
1
Let w(t) = 54*t - 197. Suppose 224 + 196 = 14*m. What is the units digit of w(m)?
3
Suppose 1 = -4*v - 23. Let a(g) be the third derivative of g**5/10 + 2*g**4/3 - g**3/2 - 7*g**2 + 2*g. What is the tens digit of a(v)?
1
Let t(w) = 3*w**2 + 66*w + 461. What is the hundreds digit of t(-53)?
3
Let f(t) = t**3 - 6*t**2 + 9*t + 4. Let d be f(3). Let s(y) = 29*y**2 - 6*y - 7. What is the hundreds digit of s(d)?
4
Suppose 0 = 14*d - 23*d + 1881. Let c = d + -151. What is the units digit of c?
8
Suppose 2*z - 8 = 7*y - 10*y, 4*z - 2*y - 16 = 0. Suppose -z = 2*w, 2*k = -13*w + 17*w + 2366. What is the hundreds digit of k?
1
Let t = 182 - 175. Suppose 255 = -t*s + 4616. What is the tens digit of s?
2
Suppose -119*j = 21*j - 3281460. What is the units digit of j?
9
Suppose 10*c - 23629 - 19315 + 9144 = 0. What is the hundreds digit of c?
3
Let r be (7 - (3 + 3))*(1 - 93). Let i = r - -95. Suppose -i*c + 518 = 2*d, 6*c - 2*c + 2*d - 692 = 0. What is the hundreds digit of c?
1
Suppose 37*u - 7*u - 1725574 = -43*u. What is the tens digit of u?
3
Let n = -29 - -49. Suppose 0 = 10*b - 6*b + n. What is the tens digit of 0 - b/(10/122)?
6
Let v be 9 + 3*30/(-18). Suppose v*d + 2932 = 5*s - 7374, 5 = 5*d. What is the thousands digit of s?
2
Suppose -107*u = -39*u + 87*u - 501270. What is the tens digit of u?
3
Suppose 4*q + 3*p = -70, 5*q - 5*p = -70 - 35. Let y(j) = 3*j**3 + 65*j**2 + 60*j - 28. What is the thousands digit of y(q)?
1
What is the tens digit of 8398/272 - 31 - 504466/(-16)?
2
What is the tens digit of (141048/(-162))/((-6)/225)?
5
Let s(v) = -2*v + 9. Let z be s(-3). Let q = 20 - z. Suppose 2*y = 3*x + 442, -5*y - 7*x + 1105 = -q*x. What is the hundreds digit of y?
2
Let i(h) be the first derivative of -2*h**3/3 + 3*h**2/2 + 301*h + 62. What is the tens digit of i(0)?
0
Let m(t) = -t**3 - t**2 + 41*t + 6. Let o be m(-7). Suppose 2*d + o*g - 929 = 12*g, d = -g + 463. What is the tens digit of d?
6
Let t(d) = 32*d + 34*d**2 - 16 - 5 - 17 - 66*d + 33*d. What is the tens digit of t(6)?
8
What is the hundreds digit of (63/(-14) - -4)/((-1)/3694)?
8
Suppose 4*g - 284 = -3*y - 94, -g + 42 = -2*y. What is the units digit of g?
6
Suppose 2061024 = 59*j + 282941. What is the thousands digit of j?
0
Suppose -r = r. Suppose 2236 + 4260 = 23*v - 956. Suppose 4*a + u - v = r, -5*a - 4*u = -7*u - 422. What is the tens digit of a?
8
Suppose p = -t + 5874, 4*t - 28*p + 33*p = 23501. What is the units digit of t?
9
Let r = -131 - -10097. What is the thousands digit of r?
9
Let h(s) = -5*s**3 + 5*s**2 + 2*s - 2. Let k be h(-2). Suppose 0 = k*p - 60*p + 2262. What is the tens digit of p?
7
Suppose 19*d = 16*d + 1632. Suppose 2*q + 550 = -q + 5*w, -2*w + d = -3*q. What is the tens digit of (0 - 2/3)*q?
2
Suppose 5*q = -4*g - 46, 0 = -2*g + 4*q + q - 38. Let x(l) = -40*l - 66. What is the units digit of x(g)?
4
Suppose -23*o = -24*o + 596. Suppose 6 + 2 = -4*l, 2*t - 3*l = o. What is the units digit of t?
5
Suppose -h - 209147 - 58081 = -4*s, 0 = -4*s - 3*h + 267244. What is the hundreds digit of s?
8
Suppose -5*x - 6298 = 3*p - 87413, 0 = -3*p - 3*x + 81123. What is the tens digit of p?
4
What is the thousands digit of 17098 + ((-264)/(-77) + -4)*7/(-2)?
7
Let n = 3547 - 887. Let y = n - 1364. What is the tens digit of y?
9
Let o(c) = -c**3 - 5*c**2 + 4*c - 8. Let n be o(-6). Suppose 3*l + 0*l = 2*m + 10, 2*m = -n*l + 18. Suppose -l*v = -7*v + 288. What is the units digit of v?
6
Let t = -119 + 69. Let b = -45 - t. Suppose 0 = 2*n - 4*d - 33 - 185, 0 = -b*n + d + 545. What is the tens digit of n?
0
Suppose -2*t - 2*g + 85898 = 0, 0 = -3*t - 4*g - 18097 + 146950. What is the tens digit o